{"id":2289,"date":"2023-04-23T05:57:01","date_gmt":"2023-04-23T03:57:01","guid":{"rendered":"https:\/\/senat.cm\/?page_id=2289"},"modified":"2026-03-23T17:17:01","modified_gmt":"2026-03-23T16:17:01","slug":"le-bureau-du-senat-2","status":"publish","type":"page","link":"https:\/\/senat.cm\/?page_id=2289","title":{"rendered":"Le Bureau du S\u00e9nat"},"content":{"rendered":"<p><section class=\"kc-elm kc-css-759080 kc_row\"><div class=\"kc-row-container  kc-container\"><div class=\"kc-wrap-columns\"><div class=\"kc-elm kc-css-874380 kc_column kc_col-sm-12\"><div class=\"kc-col-container\"><div class=\"kc-elm kc-css-968769 kc_row kc_row_inner\"><div class=\"kc-elm kc-css-439331 kc_col-sm-12 kc_column_inner kc_col-sm-12\"><div class=\"kc_wrapper kc-col-inner-container\"><div class=\"kc-elm kc-css-689221\" style=\"height: 50px; clear: both; width:100%;\"><\/div><\/div><\/div><\/div><\/div><\/div><\/div><\/div><\/section><section class=\"kc-elm kc-css-299668 kc_row\"><div class=\"kc-row-container  kc-container\"><div class=\"kc-wrap-columns\"><div class=\"kc-elm kc-css-361686 kc_col-sm-12 kc_column kc_col-sm-12\"><div class=\"kc-col-container\"><div class=\"kc-elm kc-css-900006 kc_shortcode kc_single_image\">\n\n        <img decoding=\"async\" src=\"https:\/\/senat.cm\/wp-content\/uploads\/2023\/09\/SEN.-NIAT-NJIFENJI-Marcel-240x300.jpg\" class=\"\" alt=\"\" \/>    <\/div>\n<div class=\"kc-elm kc-css-608364 kc_text_block\"><\/p>\n<h5 style=\"text-align: center;\"><strong>Marcel NIAT NJIFENJI<\/strong><\/h5>\n<p style=\"text-align: center;\">Pr\u00e9sident du S\u00e9nat<\/p>\n<p>\n<\/div><\/div><\/div><\/div><\/div><\/section><section class=\"kc-elm kc-css-477884 kc_row\"><div class=\"kc-row-container  kc-container\"><div class=\"kc-wrap-columns\"><div class=\"kc-elm kc-css-237927 kc_col-sm-12 kc_column kc_col-sm-12\"><div class=\"kc-col-container\"><div class=\"kc-elm kc-css-712016 kc_shortcode kc_single_image\">\n\n        <img decoding=\"async\" src=\"https:\/\/senat.cm\/wp-content\/uploads\/2023\/09\/SEN.-ABOUBAKARY-ABDOULAYE-200x300.jpg\" class=\"\" alt=\"\" \/>    <\/div>\n<div class=\"kc-elm kc-css-881004 kc_text_block\"><\/p>\n<h5 style=\"text-align: center;\">Sa Majest\u00e9 ABOUBAKARY ABDOULAYE<\/h5>\n<p style=\"text-align: center;\">Pr\u00e9sident du S\u00e9nat<\/p>\n<p>\n<\/div><div class=\"kc-elm kc-css-395685\" style=\"height: 40px; clear: both; width:100%;\"><\/div><\/div><\/div><\/div><\/div><\/section><section class=\"kc-elm kc-css-430426 kc_row\"><div class=\"kc-row-container  kc-container\"><div class=\"kc-wrap-columns\"><div class=\"kc-elm kc-css-90274 kc_col-sm-12 kc_column kc_col-sm-12\"><div class=\"kc-col-container\"><div class=\"kc-elm kc-css-577933 kc_shortcode kc_single_image\">\n\n        <img decoding=\"async\" src=\"https:\/\/senat.cm\/wp-content\/uploads\/2023\/09\/SEN.-BEGALA-MIKEL-Naomie-epse-AKONO-225x300.jpg\" class=\"\" alt=\"\" \/>    <\/div>\n<div class=\"kc-elm kc-css-461276 kc_text_block\"><\/p>\n<h5 style=\"text-align: center;\">Mme BEGALA MIKEL N. \u00a0\u00c9pse AKONO<\/h5>\n<p style=\"text-align: center;\">1\u00e8re Vice-Pr\u00e9sident du S\u00e9nat<\/p>\n<p>\n<\/div><div class=\"kc-elm kc-css-145151\" style=\"height: 40px; clear: both; width:100%;\"><\/div><\/div><\/div><\/div><\/div><\/section><section class=\"kc-elm kc-css-385656 kc_row\"><div class=\"kc-row-container  kc-container\"><div class=\"kc-wrap-columns\"><div class=\"kc-elm kc-css-386271 kc_column kc_col-sm-12\"><div class=\"kc-col-container\"><div class=\"kc-elm kc-css-692717 kc_row kc_row_inner\"><div class=\"kc-elm kc-css-84568 kc_col-sm-12 kc_column_inner kc_col-sm-12\"><div class=\"kc_wrapper kc-col-inner-container\"><div class=\"kc-elm kc-css-300310\" style=\"height: 50px; clear: both; width:100%;\"><\/div><\/div><\/div><\/div><\/div><\/div><\/div><\/div><\/section><section class=\"kc-elm kc-css-975995 kc_row\"><div class=\"kc-row-container  kc-container\"><div class=\"kc-wrap-columns\"><div class=\"kc-elm kc-css-617823 kc_col-sm-3 kc_column kc_col-sm-3\"><div class=\"kc-col-container\"><div class=\"kc-elm kc-css-552634 kc_shortcode kc_single_image\">\n\n        <img decoding=\"async\" src=\"https:\/\/senat.cm\/wp-content\/uploads\/2023\/09\/SEN.-TABETANDO-NDIEB-NSO-scaled-250x400xc.jpg\" class=\"\" alt=\"\" \/>    <\/div>\n<div class=\"kc-elm kc-css-450670 kc_text_block\"><\/p>\n<h5 style=\"text-align: center;\">H.M. NFOR TABETANDO NDIEB-NSO<\/h5>\n<p style=\"text-align: center;\">Vice-Pr\u00e9sident du S\u00e9nat<\/p>\n<p>\n<\/div><\/div><\/div><div class=\"kc-elm kc-css-870310 kc_col-sm-3 kc_column kc_col-sm-3\"><div class=\"kc-col-container\"><div class=\"kc-elm kc-css-460307 kc_shortcode kc_single_image\">\n\n        <img decoding=\"async\" src=\"https:\/\/senat.cm\/wp-content\/uploads\/2023\/09\/Sen.-NKILI-Robert-scaled-250x400xc.jpg\" class=\"\" alt=\"\" \/>    <\/div>\n<div class=\"kc-elm kc-css-83994 kc_text_block\"><\/p>\n<h5 style=\"text-align: center;\">Robert Nkili<\/h5>\n<p style=\"text-align: center;\">Vice-Pr\u00e9sident du S\u00e9nat<\/p>\n<p>\n<\/div><\/div><\/div><div class=\"kc-elm kc-css-19165 kc_col-sm-3 kc_column kc_col-sm-3\"><div class=\"kc-col-container\"><div class=\"kc-elm kc-css-657311 kc_shortcode kc_single_image\">\n\n        <img decoding=\"async\" src=\"https:\/\/senat.cm\/wp-content\/uploads\/2023\/09\/SEN.-DIN-BELL-ARMANDE-scaled-250x400xc.jpg\" class=\"\" alt=\"\" \/>    <\/div>\n<div class=\"kc-elm kc-css-489039 kc_text_block\"><\/p>\n<h5 style=\"text-align: center;\">Din Bell Marie Armande<\/h5>\n<p style=\"text-align: center;\">Vice-Pr\u00e9sident du S\u00e9nat<\/p>\n<p>\n<\/div><\/div><\/div><div class=\"kc-elm kc-css-387560 kc_col-sm-3 kc_column kc_col-sm-3\"><div class=\"kc-col-container\"><div class=\"kc-elm kc-css-26255 kc_shortcode kc_single_image\">\n\n        <img decoding=\"async\" src=\"https:\/\/senat.cm\/wp-content\/uploads\/2023\/09\/SEN.-Vanigansen-MOCCHIGGLE-scaled-250x400xc.jpg\" class=\"\" alt=\"\" \/>    <\/div>\n<div class=\"kc-elm kc-css-196847 kc_text_block\"><\/p>\n<h5 style=\"text-align: center;\">Mochiggle Vanigangsen<\/h5>\n<p style=\"text-align: center;\">Vice-Pr\u00e9sident du S\u00e9nat<\/p>\n<p>\n<\/div><\/div><\/div><\/div><\/div><\/section><section class=\"kc-elm kc-css-344664 kc_row\"><div class=\"kc-row-container  kc-container\"><div class=\"kc-wrap-columns\"><div class=\"kc-elm kc-css-859858 kc_column kc_col-sm-12\"><div class=\"kc-col-container\"><div class=\"kc-elm kc-css-735418 kc_row kc_row_inner\"><div class=\"kc-elm kc-css-900859 kc_col-sm-12 kc_column_inner kc_col-sm-12\"><div class=\"kc_wrapper kc-col-inner-container\"><div class=\"kc-elm kc-css-479880\" style=\"height: 50px; clear: both; width:100%;\"><\/div><\/div><\/div><\/div><\/div><\/div><\/div><\/div><\/section><section class=\"kc-elm kc-css-655577 kc_row\"><div class=\"kc-row-container  kc-container\"><div class=\"kc-wrap-columns\"><div class=\"kc-elm kc-css-343127 kc_col-sm-3 kc_column kc_col-sm-3\"><div class=\"kc-col-container\"><div class=\"kc-elm kc-css-688280 kc_shortcode kc_single_image\">\n\n        <img decoding=\"async\" src=\"https:\/\/senat.cm\/wp-content\/uploads\/2023\/09\/SEN.-ABDOULAYE-WOUYAK-MARAVA-scaled-250x400xc.jpg\" class=\"\" alt=\"\" \/>    <\/div>\n<div class=\"kc-elm kc-css-176706 kc_text_block\"><\/p>\n<h5 style=\"text-align: center;\">ABDOULAYE WOUYACK MARAVA<\/h5>\n<p style=\"text-align: center;\">Questeur<\/p>\n<p>\n<\/div><\/div><\/div><div class=\"kc-elm kc-css-622472 kc_col-sm-3 kc_column kc_col-sm-3\"><div class=\"kc-col-container\"><div class=\"kc-elm kc-css-599184 kc_shortcode kc_single_image\">\n\n        <img decoding=\"async\" src=\"https:\/\/senat.cm\/wp-content\/uploads\/2023\/09\/Sen.-OTTE-MOFA-Andrew-scaled-250x400xc.jpg\" class=\"\" alt=\"\" \/>    <\/div>\n<div class=\"kc-elm kc-css-831674 kc_text_block\"><\/p>\n<h5 style=\"text-align: center;\">OTTE Andrew MOFA<\/h5>\n<p style=\"text-align: center;\">Questeur<\/p>\n<p>\n<\/div><\/div><\/div><div class=\"kc-elm kc-css-715023 kc_col-sm-3 kc_column kc_col-sm-3\"><div class=\"kc-col-container\"><div class=\"kc-elm kc-css-704244 kc_shortcode kc_single_image\">\n\n        <img decoding=\"async\" src=\"https:\/\/senat.cm\/wp-content\/uploads\/2023\/09\/Sen.-MBA-MBA-Gregoire-scaled-250x400xc.jpg\" class=\"\" alt=\"\" \/>    <\/div>\n<div class=\"kc-elm kc-css-109197 kc_text_block\"><\/p>\n<h5 style=\"text-align: center;\">MBA MBA Gr\u00e9goire<\/h5>\n<p style=\"text-align: center;\">Questeur<\/p>\n<p>\n<\/div><\/div><\/div><div class=\"kc-elm kc-css-187666 kc_col-sm-3 kc_column kc_col-sm-3\"><div class=\"kc-col-container\"><\/div><\/div><\/div><\/div><\/section><section class=\"kc-elm kc-css-279714 kc_row\"><div class=\"kc-row-container  kc-container\"><div class=\"kc-wrap-columns\"><div class=\"kc-elm kc-css-745505 kc_column kc_col-sm-12\"><div class=\"kc-col-container\"><div class=\"kc-elm kc-css-790660\" style=\"height: 20px; clear: both; width:100%;\"><\/div><\/div><\/div><\/div><\/div><\/section><section class=\"kc-elm kc-css-498941 kc_row\"><div class=\"kc-row-container  kc-container\"><div class=\"kc-wrap-columns\"><div class=\"kc-elm kc-css-951287 kc_col-sm-3 kc_column kc_col-sm-3\"><div class=\"kc-col-container\"><div class=\"kc-elm kc-css-418920 kc_shortcode kc_single_image\">\n\n        <img decoding=\"async\" src=\"https:\/\/senat.cm\/wp-content\/uploads\/2023\/09\/SEN.-HAYATOU-Aicha-Pierette-scaled-250x400xc.jpg\" class=\"\" alt=\"\" \/>    <\/div>\n<div class=\"kc-elm kc-css-884531 kc_text_block\"><\/p>\n<h5 style=\"text-align: center;\">HAYATOU A\u00cfCHA Pierrette<\/h5>\n<p style=\"text-align: center;\">Secr\u00e9taire<\/p>\n<p>\n<\/div><\/div><\/div><div class=\"kc-elm kc-css-72052 kc_col-sm-3 kc_column kc_col-sm-3\"><div class=\"kc-col-container\"><div class=\"kc-elm kc-css-621669 kc_shortcode kc_single_image\">\n\n        <img decoding=\"async\" src=\"https:\/\/senat.cm\/wp-content\/uploads\/2023\/09\/Sen.-Fon-CHAFAH-Issac-MBUNKA-scaled-250x400xc.jpg\" class=\"\" alt=\"\" \/>    <\/div>\n<div class=\"kc-elm kc-css-728828 kc_text_block\"><\/p>\n<h5 style=\"text-align: center;\">Fon CHAFAH Issac<\/h5>\n<p style=\"text-align: center;\">Secr\u00e9taire<\/p>\n<p>\n<\/div><\/div><\/div><div class=\"kc-elm kc-css-636022 kc_col-sm-3 kc_column kc_col-sm-3\"><div class=\"kc-col-container\"><div class=\"kc-elm kc-css-74570 kc_shortcode kc_single_image\">\n\n        <img decoding=\"async\" src=\"https:\/\/senat.cm\/wp-content\/uploads\/2023\/09\/Sen.-OBAM-ASSAM-Samuel-scaled-250x400xc.jpg\" class=\"\" alt=\"\" \/>    <\/div>\n<div class=\"kc-elm kc-css-297749 kc_text_block\"><\/p>\n<h5 style=\"text-align: center;\">OBAM ASSAM Samuel<\/h5>\n<p style=\"text-align: center;\">Secr\u00e9taire<\/p>\n<p>\n<\/div><\/div><\/div><div class=\"kc-elm kc-css-856328 kc_col-sm-3 kc_column kc_col-sm-3\"><div class=\"kc-col-container\"><div class=\"kc-elm kc-css-989588 kc_shortcode kc_single_image\">\n\n        <img decoding=\"async\" src=\"https:\/\/senat.cm\/wp-content\/uploads\/2023\/09\/SEN.-NGOUCHINGHE-Sylvestre-scaled-250x400xc.jpg\" class=\"\" alt=\"\" \/>    <\/div>\n<div class=\"kc-elm kc-css-780275 kc_text_block\"><\/p>\n<h5 style=\"text-align: center;\">Ngouchinghe Sylvestre<\/h5>\n<p style=\"text-align: center;\">Secr\u00e9taire<\/p>\n<p>\n<\/div><\/div><\/div><\/div><\/div><\/section><section class=\"kc-elm kc-css-611846 kc_row\"><div class=\"kc-row-container  kc-container\"><div class=\"kc-wrap-columns\"><div class=\"kc-elm kc-css-608645 kc_col-sm-3 kc_column kc_col-sm-3\"><div class=\"kc-col-container\"><div class=\"kc-elm kc-css-302731 kc_shortcode kc_single_image\">\n\n        <img decoding=\"async\" src=\"https:\/\/senat.cm\/wp-content\/uploads\/2023\/09\/SEN.-ABBA-HAROUNA-scaled-250x400xc.jpg\" class=\"\" alt=\"\" \/>    <\/div>\n<div class=\"kc-elm kc-css-791652 kc_text_block\"><\/p>\n<h5 style=\"text-align: center;\">Abba Harouna<\/h5>\n<p style=\"text-align: center;\">Secr\u00e9taire<\/p>\n<p>\n<\/div><\/div><\/div><div class=\"kc-elm kc-css-386353 kc_col-sm-3 kc_column kc_col-sm-3\"><div class=\"kc-col-container\"><div class=\"kc-elm kc-css-287615 kc_shortcode kc_single_image\">\n\n        <img decoding=\"async\" src=\"https:\/\/senat.cm\/wp-content\/uploads\/2023\/09\/Sen.-MAMA-Jean-Marie-scaled-250x400xc.jpg\" class=\"\" alt=\"\" \/>    <\/div>\n<div class=\"kc-elm kc-css-796312 kc_text_block\"><\/p>\n<h5 style=\"text-align: center;\">SM. MAMA Jean Marie<\/h5>\n<p style=\"text-align: center;\">Secr\u00e9taire<\/p>\n<p>\n<\/div><\/div><\/div><div class=\"kc-elm kc-css-238236 kc_col-sm-3 kc_column kc_col-sm-3\"><div class=\"kc-col-container\"><div class=\"kc-elm kc-css-307070 kc_shortcode kc_single_image\">\n\n        <img decoding=\"async\" src=\"https:\/\/senat.cm\/wp-content\/uploads\/2023\/09\/SEN.-NGAYAP-Pierre-Flambeau-scaled-250x400xc.jpg\" class=\"\" alt=\"\" \/>    <\/div>\n<div class=\"kc-elm kc-css-147000 kc_text_block\"><\/p>\n<h5 style=\"text-align: center;\">NGAYAP Pierre Flambeau<\/h5>\n<p style=\"text-align: center;\">Secr\u00e9taire<\/p>\n<p>\n<\/div><\/div><\/div><div class=\"kc-elm kc-css-929175 kc_col-sm-3 kc_column kc_col-sm-3\"><div class=\"kc-col-container\"><div class=\"kc-elm kc-css-310050 kc_shortcode kc_single_image\">\n\n        <img decoding=\"async\" src=\"https:\/\/senat.cm\/wp-content\/uploads\/2023\/09\/SEN.-LEKE-BESONGOH-AKEMFOR-Philip-scaled-250x400xc.jpg\" class=\"\" alt=\"\" \/>    <\/div>\n<div class=\"kc-elm kc-css-462309 kc_text_block\"><\/p>\n<h5 style=\"text-align: center;\">LEKE BESONGOH AKEMFOR Philip<\/h5>\n<p style=\"text-align: center;\">Secr\u00e9taire<\/p>\n<p>\n<\/div><\/div><\/div><\/div><\/div><\/section><section class=\"kc-elm kc-css-2051 kc_row\"><div class=\"kc-row-container  kc-container\"><div class=\"kc-wrap-columns\"><div class=\"kc-elm kc-css-888709 kc_column kc_col-sm-12\"><div class=\"kc-col-container\"><div class=\"kc-elm kc-css-695731 kc_row kc_row_inner\"><div class=\"kc-elm kc-css-429900 kc_col-sm-12 kc_column_inner kc_col-sm-12\"><div class=\"kc_wrapper kc-col-inner-container\"><div class=\"kc-elm kc-css-589948\" style=\"height: 50px; clear: both; width:100%;\"><\/div><div class=\"kc-elm kc-css-784256 kc_text_block\"><\/p>\n<p><strong>Le Bureau du S\u00e9nat<\/strong><\/p>\n<p>La premi\u00e8re Session Ordinaire de l\u2019ann\u00e9e l\u00e9gislative permet au S\u00e9nat de mettre sur pied un Bureau. Celui-ci a les pleins pouvoirs pour pr\u00e9sider les d\u00e9lib\u00e9rations du Bureau du S\u00e9nat, ainsi que pour organiser tous ses services. Il repr\u00e9sente le S\u00e9nat dans toutes les c\u00e9r\u00e9monies publiques.<\/p>\n<p>Les membres du Bureau du S\u00e9nat sont \u00e9lus pour un (01) an et sont r\u00e9\u00e9ligibles.<\/p>\n<p>Il est compos\u00e9 de\u00a0:<\/p>\n<p>&#8211;\u00a0\u00a0\u00a0\u00a0\u00a0\u00a0 <strong>01 Pr\u00e9sident\u00a0:<\/strong> \u00e9lu au scrutin uninominal \u00e0 la majorit\u00e9 absolue des suffrages valablement exprim\u00e9s. Il assure la pr\u00e9sidence du Bureau et la Conf\u00e9rence des Pr\u00e9sidents, il est \u00e0 la Haute direction des d\u00e9bats en s\u00e9ance pl\u00e9ni\u00e8re et assure la police des d\u00e9lib\u00e9rations.<\/p>\n<p>&#8211;\u00a0\u00a0\u00a0\u00a0\u00a0\u00a0 <strong>01 Premier Vice-Pr\u00e9sident\u00a0:<\/strong> \u00e9galement \u00e9lu au scrutin uninominal \u00e0 la majorit\u00e9 \u00e0 la majorit\u00e9 absolue des suffrages valablement exprim\u00e9s\u00a0; il suppl\u00e9\u00e9 le Pr\u00e9sident du S\u00e9nat en cas d\u2019absence ou d\u2019emp\u00eachement.<\/p>\n<p>&#8211;\u00a0\u00a0\u00a0\u00a0\u00a0\u00a0 <strong>04 Vice-pr\u00e9sidents\u00a0:<\/strong> \u00e9lus au scrutin de liste, ils travaillent en collaboration avec le Pr\u00e9sident du S\u00e9nat et le Premier Vice-pr\u00e9sident. Ils peuvent suppl\u00e9er dans l\u2019ordre de pr\u00e9s\u00e9ance \u00e9tabli par le Bureau, le Pr\u00e9sident ou le Vice- Pr\u00e9disant en cas d\u2019absence ou d\u2019emp\u00eachement.<\/p>\n<p>&#8211;\u00a0\u00a0\u00a0\u00a0\u00a0\u00a0 <strong>03 Questeurs\u00a0:<\/strong> charg\u00e9s du contr\u00f4le des services administratifs et financiers du s\u00e9nat.<\/p>\n<p>&#8211;\u00a0\u00a0\u00a0\u00a0\u00a0\u00a0 <strong>08 Secr\u00e9taires\u00a0;<\/strong> qui veillent \u00e0 la r\u00e9daction des proc\u00e8s-verbaux et en donnent lecture si elle est demand\u00e9e. Ils inscrivent les S\u00e9nateurs qui demandent la parole, contr\u00f4lent et d\u00e9pouillent les scrutins.<\/p>\n<p>&#8211;\u00a0\u00a0\u00a0\u00a0\u00a0\u00a0 <strong>01 secr\u00e9taire G\u00e9n\u00e9ral<\/strong>\u00a0: membre ex-officio du Bureau. L\u2019administration du S\u00e9nat est plac\u00e9e sous sa responsabilit\u00e9. Il est l\u2019ordonnateur d\u00e9l\u00e9gu\u00e9 et \u00e0 ce titre, il pr\u00e9pare le projet de budget du S\u00e9nat en concertation avec les questeurs, pr\u00e9pare et assure la conduite mat\u00e9rielle<\/p>\n<p>\n<\/div><div class=\"kc-elm kc-css-871485\" style=\"height: 50px; clear: both; width:100%;\"><\/div><\/div><\/div><\/div><\/div><\/div><\/div><\/div><\/section><\/p>\n","protected":false},"excerpt":{"rendered":"","protected":false},"author":1,"featured_media":0,"parent":0,"menu_order":0,"comment_status":"closed","ping_status":"closed","template":"","meta":{"_monsterinsights_skip_tracking":false,"_monsterinsights_sitenote_active":false,"_monsterinsights_sitenote_note":"","_monsterinsights_sitenote_category":0,"footnotes":""},"folder":[],"class_list":["post-2289","page","type-page","status-publish","hentry"],"_links":{"self":[{"href":"https:\/\/senat.cm\/index.php?rest_route=\/wp\/v2\/pages\/2289","targetHints":{"allow":["GET"]}}],"collection":[{"href":"https:\/\/senat.cm\/index.php?rest_route=\/wp\/v2\/pages"}],"about":[{"href":"https:\/\/senat.cm\/index.php?rest_route=\/wp\/v2\/types\/page"}],"author":[{"embeddable":true,"href":"https:\/\/senat.cm\/index.php?rest_route=\/wp\/v2\/users\/1"}],"replies":[{"embeddable":true,"href":"https:\/\/senat.cm\/index.php?rest_route=%2Fwp%2Fv2%2Fcomments&post=2289"}],"version-history":[{"count":7,"href":"https:\/\/senat.cm\/index.php?rest_route=\/wp\/v2\/pages\/2289\/revisions"}],"predecessor-version":[{"id":3444,"href":"https:\/\/senat.cm\/index.php?rest_route=\/wp\/v2\/pages\/2289\/revisions\/3444"}],"wp:attachment":[{"href":"https:\/\/senat.cm\/index.php?rest_route=%2Fwp%2Fv2%2Fmedia&parent=2289"}],"wp:term":[{"taxonomy":"folder","embeddable":true,"href":"https:\/\/senat.cm\/index.php?rest_route=%2Fwp%2Fv2%2Ffolder&post=2289"}],"curies":[{"name":"wp","href":"https:\/\/api.w.org\/{rel}","templated":true}]}}